igit of z(4)?
2
Let h be -9 + 0 + 1 - 2. Let t(y) = y + 12. Let p be t(h). Suppose p*k - 3 = 11. What is the units digit of k?
7
Suppose 8*w + 1140 = 5*p + 3*w, -p + 5*w = -236. Suppose -4*j + 6*j = p. What is the hundreds digit of j?
1
Suppose 5*v - 30 = j + 50, v = -j + 22. What is the tens digit of v?
1
Let s be 58/15 - 4 - (-10594)/30. Let t = -127 + s. What is the hundreds digit of t?
2
Let z(o) = -2*o**3 - o + 21. Let h(s) = s**2 + 4*s + 6. Let r be h(-3). Suppose r*t + t = 0. What is the tens digit of z(t)?
2
Suppose 83 = p - 295. Suppose v - 3*v = -4*l - p, 3*v = -l + 581. Suppose -4*r = -6*r + 2*s + 74, v = 5*r + 3*s. What is the tens digit of r?
3
Suppose g = -4*g. Suppose 4*k + g*k = 132. What is the units digit of k*1*(-9)/(-27)?
1
Suppose 6*g = 4*g + 12. Let m(y) = y**3 - 6*y**2 + 10*y - 9. Let f be m(g). Suppose f + 6 = 3*r. What is the units digit of r?
9
Let r = 3 + 2. Suppose -r*q + 3*c = 240 - 601, 5*q - c - 367 = 0. What is the units digit of q?
4
Let y be (-4)/6*6/(-12)*-9. Let a(g) = 2*g**2 - g + 4. What is the tens digit of a(y)?
2
Let d(m) be the third derivative of -11/24*m**4 + 2*m**2 - 1/60*m**5 + 0 - 2/3*m**3 + 0*m. What is the tens digit of d(-5)?
2
Suppose 14076 = 219*f - 183*f. What is the hundreds digit of f?
3
Let w be (2 + -2)/(2 + -3). Suppose 22*t - 23*t - 4 = w. Let a(c) = -2*c**3 - 6*c**2 - 2*c - 6. What is the tens digit of a(t)?
3
Suppose -11*s + 25252 = -31189. What is the thousands digit of s?
5
Let o = -74 - -106. What is the units digit of 130/4 - (-16)/o?
3
Let b = -1 - -6. Let a = b - 2. Let p(h) = 9*h - 3. What is the tens digit of p(a)?
2
What is the tens digit of 1243 + 1 + (-12 - (-7 - 6))?
4
Let z(s) = 18*s**2 + s - 1. Let r = 22 + -24. What is the units digit of z(r)?
9
Suppose 0 + 0 = -2*a. Suppose a = -3*l - 4*u + 19 + 39, -2*l + 62 = -2*u. What is the units digit of l?
6
Suppose 6*n + 8 = 10*n. Suppose -n*x + 145 = 2*y - 3*x, 5*x = 5. What is the tens digit of y?
7
Let l(q) = -q**3 + 17*q**2 + 20*q - 21. Let g be l(18). What is the tens digit of (-7)/((-35)/g) + 45?
4
Let k(i) = i**2 - 7*i + 4. Let z be k(3). What is the units digit of (-81)/(-1) - z/4?
3
Let i(l) = 7*l + 180 - 7*l - l. Let b be i(0). Suppose 3*s - 7*s = -b. What is the tens digit of s?
4
Suppose 44 = 5*m - m. Let r = 10 - m. What is the units digit of (-76)/(-4) - (1 + r)?
9
Suppose -l + 3*l = -176. Let z = l + 154. What is the units digit of z?
6
Let m = 13 - 73. Let f = -43 - m. What is the units digit of f?
7
Let h(b) = b**3 + 6*b**2 - 11*b + 8. Let q be (3 - 0) + 0 + -10. What is the units digit of h(q)?
6
Suppose 0 = -3*l - 4 + 7, 0 = -2*s + 3*l - 3. Suppose y - 105 = -s*y. What is the units digit of y?
5
Let l = 994 - 531. What is the tens digit of l?
6
Let s(n) = n + 2. Let j be s(-3). Let h(k) = 28*k**2 + k + 2. Let a be h(-1). Let o = a + j. What is the units digit of o?
8
Suppose 5 = -4*r - 11. What is the units digit of (-60)/(-9)*(-3)/r?
5
Let j be 2 - (4 - 14)/2. Let w(o) = 3*o - 40. Let p(k) = k - 13. Let q(m) = j*p(m) - 2*w(m). What is the units digit of q(19)?
8
Let m(g) = -g**2 - 2*g + 4. Let q be m(-4). What is the tens digit of 18/q*44/(-6)?
3
Suppose -3*u + 676 = 4*g - 117, -4*u = 20. What is the tens digit of g?
0
Let k(a) = -a**3 + 7*a**2 - 7*a + 5. Let u be k(5). Let j = u + -14. Suppose -z - j + 37 = 0. What is the units digit of z?
1
Let b be (-1 - 10)*(-12 + 11). Suppose p = b*p - 180. What is the units digit of p?
8
Suppose 10*r - 12 = 8*r. Suppose 130 = -i + r*i. What is the tens digit of 394/i + 8/(-52)?
1
What is the thousands digit of ((-82)/(-7))/((-32)/(-28))*424?
4
Let r = -32 - -18. Let v(t) = t**2 + 10*t - 8. What is the units digit of v(r)?
8
What is the hundreds digit of (-6600)/(-18)*(1 - (-4 + 2))?
1
Suppose 3*q = -4*c + 490, -5*q - c = c - 826. What is the tens digit of q?
6
Let c be -2*5*(-6)/(-4). Let t = -10 - c. What is the tens digit of (10*31)/t*1?
6
Let a be (9/4)/(4*(-1)/(-96)). Suppose 2*n - 90 - a = 0. What is the tens digit of n?
7
Suppose -3*l + 8*l - 12680 = -5*y, 4*y - 10149 = -3*l. What is the hundreds digit of y?
5
Let x = 43 - 48. What is the units digit of 10 - x*4/(-10)?
8
Let u = -1511 - -4564. What is the hundreds digit of u?
0
Suppose -4*r = t + 685, 2*t - 175 - 665 = 5*r. Let i = r - -376. What is the hundreds digit of i?
2
Let w = 1875 + -1017. What is the tens digit of w?
5
Let v(t) be the second derivative of -32/3*t**3 + 0 + 10*t - t**2. What is the tens digit of v(-1)?
6
Let w(d) = d. Let x(f) = f**3 + 10*f**2 + f + 9. Let o be x(-10). Let c(q) = 5*q - 12. Let g(n) = o*c(n) + 4*w(n). What is the units digit of g(9)?
3
Let w be (-2)/5*(-90)/12. Suppose 159 = -0*v + w*v. What is the tens digit of v?
5
Let x(w) = 2*w - 10. Let p be x(6). Suppose p*z = -2*z + 480. What is the units digit of z?
0
Let b(q) = -3*q - 18. Let r be b(-8). What is the units digit of (10*3/r)/1?
5
Let j be (30/(-20))/((-3)/8). Suppose 0 = -i - 5*x + 29, -j*i + 3*x + 116 = -x. What is the units digit of i?
9
Suppose 0 = -4*p + 16, -3*p + 5*p + 217 = -5*i. Let y be 30/i - 2/(-3). Suppose 5*x + 0*x - 150 = y. What is the tens digit of x?
3
Let n(t) = t**3 + 19*t**2 + 5*t + 29. What is the units digit of n(-13)?
8
Suppose 4*d + 3260 = -5*i + 8063, 4*i + 5*d - 3846 = 0. What is the units digit of i?
9
Let n(a) be the first derivative of 13*a + 11 + 3/2*a**2. What is the tens digit of n(3)?
2
Let i(t) = -t**3 - 8*t**2 - 11*t + 1. Let u be i(-6). Let g(h) be the second derivative of -17*h**3/6 - 15*h**2/2 - 2*h. What is the tens digit of g(u)?
7
Suppose -6*g - 631 + 7375 = 0. What is the tens digit of g?
2
Let j be 0/1 + 0 + 5. Suppose -4*o = -4*q + 28, 0 = -6*q + q - 5*o - j. What is the units digit of (q + 10/(-3))*-24?
8
Let q(w) = -w + 387. What is the tens digit of q(16)?
7
Let n(o) = -3*o - 8. Let m be n(-14). Suppose -4*u + 682 = m. Suppose 18 = -4*j + u. What is the units digit of j?
6
Suppose 0*r + 2*r - 1328 = 0. What is the tens digit of (-3)/(-9) + r/6?
1
Let w(i) = -i**2 - 5*i + 12. Let m(x) = -2*x + 6. Let f be (27/36)/(1/8). Let g be m(f). What is the units digit of w(g)?
6
Let l(x) = -x**2 - 7*x + 7. Suppose -o = 2*t + 4*o - 6, -2*o + 15 = -t. What is the units digit of l(t)?
7
Suppose 4*z = -5*g - 19, 4*z + 16 = -g - 3*g. Let o = z + 35. What is the tens digit of o?
3
Let t be 4 + (-4)/((-2)/1). Suppose -16 = 2*d - t*d. What is the units digit of d*3/(-12)*-5?
5
Let d = 185 - 315. Let b = 228 + d. What is the units digit of b?
8
Let p(t) = 2*t**3 + t**2 - 8*t + 34. What is the thousands digit of p(8)?
1
Suppose 539 = l + r, -5*r - 2645 = 2*l - 7*l. What is the tens digit of l?
3
Let z = 6949 + -3189. What is the hundreds digit of z?
7
Let l be 2 - (-1)/(0 - -1). Let i be (-156)/(-286) + (-98)/(-22). Suppose -m + i*a = -43, l*m - a = -m + 134. What is the tens digit of m?
3
Let l(u) = -u**3 + 7*u**2 + u - 7. Let q be l(7). Suppose q = -3*s - s + 40. Suppose -5*b + s*b - 95 = 0. What is the units digit of b?
9
Let i be ((-36)/(-3))/4 + -6. Let m be 6*(1 + 1/i). Suppose m*r - 39 = 69. What is the units digit of r?
7
Suppose 3*q = 2*i - 13, 2*i - 2*q = 5 + 7. Suppose 3*t + 8 = 6*t + i*r, -4*t - 2*r + 6 = 0. What is the tens digit of (12/(-10))/(t/(-20))?
2
Let m = 5148 + -3592. What is the tens digit of m?
5
Suppose -4*o + o + 270 = 0. Suppose 0 = 2*a + 3*a - o. What is the tens digit of a?
1
Let z be 2/(-12) + 1/6. Suppose -5*b = -z*b. Suppose -60 = -b*h - 4*h. What is the tens digit of h?
1
Suppose 9*q + 3*q - 11328 = 0. What is the units digit of q?
4
What is the tens digit of (72/(-30))/(((-36)/(-645))/(-6))?
5
Let v(k) = -14*k - 45. Let r be (-3)/7 + 552/(-84). What is the tens digit of v(r)?
5
Suppose 1476 = 7*a - 6*a - 3*c, c + 1468 = a. What is the hundreds digit of a?
4
Suppose -2 = -2*j + 10. Suppose 26*o + j = 25*o. Let d(r) = r**3 + 6*r**2 - 8*r - 9. What is the units digit of d(o)?
9
Let j = 288 + -25. Let a = -161 + j. What is the hundreds digit of a?
1
Let f be (-92295)/(-25) - 4/(-20). Suppose 19*m = 9506 - f. What is the tens digit of m?
0
Suppose a = -0*a + 15. Let i(k) = -3*k**2 - 3*k - 5. Let b be i(-1). Let d = b + a. What is the units digit of d?
0
Let g(v) = -6*v**2 + 11*v + 13. Suppose 0 = d - 0 + 4. Let h(w) = 5*w**2 - 10*w - 12. Let q(l) = d*g(l) 